e the prime factors of 1490?
2, 5, 149
List the prime factors of 1896.
2, 3, 79
List the prime factors of 70458.
2, 3, 11743
List the prime factors of 32063.
32063
What are the prime factors of 30605?
5, 6121
What are the prime factors of 53858?
2, 7, 3847
What are the prime factors of 58682?
2, 13, 37, 61
What are the prime factors of 33586?
2, 7, 2399
List the prime factors of 637.
7, 13
What are the prime factors of 2924?
2, 17, 43
List the prime factors of 163.
163
What are the prime factors of 49757?
49757
What are the prime factors of 1134?
2, 3, 7
What are the prime factors of 2664?
2, 3, 37
What are the prime factors of 151432?
2, 23, 823
List the prime factors of 16728.
2, 3, 17, 41
List the prime factors of 5177.
31, 167
What are the prime factors of 1662?
2, 3, 277
What are the prime factors of 2004?
2, 3, 167
List the prime factors of 28557.
3, 19, 167
List the prime factors of 1266.
2, 3, 211
What are the prime factors of 13889?
17, 19, 43
List the prime factors of 45002.
2, 22501
What are the prime factors of 70284?
2, 3, 5857
List the prime factors of 5321.
17, 313
List the prime factors of 635.
5, 127
List the prime factors of 3851.
3851
List the prime factors of 1097.
1097
What are the prime factors of 15946?
2, 7, 17, 67
What are the prime factors of 468?
2, 3, 13
What are the prime factors of 152987?
59, 2593
List the prime factors of 235.
5, 47
What are the prime factors of 1275?
3, 5, 17
List the prime factors of 4927.
13, 379
List the prime factors of 12202.
2, 6101
What are the prime factors of 23193?
3, 859
What are the prime factors of 497?
7, 71
What are the prime factors of 6960?
2, 3, 5, 29
What are the prime factors of 23194?
2, 11597
List the prime factors of 124645.
5, 97, 257
List the prime factors of 55781.
11, 461
List the prime factors of 8112.
2, 3, 13
List the prime factors of 2542.
2, 31, 41
What are the prime factors of 2971?
2971
List the prime factors of 7212.
2, 3, 601
List the prime factors of 276.
2, 3, 23
List the prime factors of 2037.
3, 7, 97
List the prime factors of 397.
397
List the prime factors of 7.
7
List the prime factors of 668.
2, 167
List the prime factors of 19020.
2, 3, 5, 317
What are the prime factors of 10903?
10903
List the prime factors of 5570.
2, 5, 557
What are the prime factors of 77962?
2, 17, 2293
What are the prime factors of 44652?
2, 3, 61
What are the prime factors of 558?
2, 3, 31
What are the prime factors of 1154?
2, 577
List the prime factors of 30379.
17, 1787
What are the prime factors of 87?
3, 29
List the prime factors of 126308.
2, 7, 13, 347
What are the prime factors of 18279?
3, 677
What are the prime factors of 172379?
223, 773
List the prime factors of 1579.
1579
What are the prime factors of 41?
41
What are the prime factors of 93?
3, 31
List the prime factors of 14921.
43, 347
List the prime factors of 44808.
2, 3, 1867
List the prime factors of 3106.
2, 1553
List the prime factors of 10475.
5, 419
What are the prime factors of 1049?
1049
List the prime factors of 375.
3, 5
List the prime factors of 178275.
3, 5, 2377
List the prime factors of 151593.
3, 13, 23
What are the prime factors of 1218?
2, 3, 7, 29
What are the prime factors of 3797?
3797
What are the prime factors of 1934?
2, 967
What are the prime factors of 5066?
2, 17, 149
What are the prime factors of 1017?
3, 113
What are the prime factors of 1445?
5, 17
List the prime factors of 13474.
2, 6737
What are the prime factors of 13323?
3, 4441
List the prime factors of 1827.
3, 7, 29
What are the prime factors of 3961?
17, 233
List the prime factors of 28167.
3, 41, 229
List the prime factors of 363.
3, 11
List the prime factors of 56535.
3, 5, 3769
List the prime factors of 6207.
3, 2069
What are the prime factors of 11658?
2, 3, 29, 67
List the prime factors of 5130.
2, 3, 5, 19
List the prime factors of 74999.
37, 2027
List the prime factors of 21367.
23, 929
What are the prime factors of 5766?
2, 3, 31
List the prime factors of 2014.
2, 19, 53
List the prime factors of 443.
443
What are the prime factors of 63?
3, 7
What are the prime factors of 5318?
2, 2659
What are the prime factors of 965?
5, 193
What are the prime factors of 77438?
2, 31, 1249
List the prime factors of 1737.
3, 193
List the prime factors of 25.
5
List the prime factors of 13190.
2, 5, 1319
List the prime factors of 2841.
3, 947
List the prime factors of 884.
2, 13, 17
What are the prime factors of 2293?
2293
What are the prime factors of 2624?
2, 41
What are the prime factors of 79607?
11, 7237
What are the prime factors of 29992?
2, 23, 163
What are the prime factors of 5483?
5483
List the prime factors of 483.
3, 7, 23
What are the prime factors of 1368?
2, 3, 19
List the prime factors of 741.
3, 13, 19
List the prime factors of 2617.
2617
What are the prime factors of 6043?
6043
What are the prime factors of 418?
2, 11, 19
List the prime factors of 27.
3
What are the prime factors of 28005?
3, 5, 1867
List the prime factors of 22410.
2, 3, 5, 83
List the prime factors of 1899.
3, 211
What are the prime factors of 73?
73
List the prime factors of 3761.
3761
List the prime factors of 30272.
2, 11, 43
What are the prime factors of 7356?
2, 3, 613
List the prime factors of 25152.
2, 3, 131
What are the prime factors of 1542?
2, 3, 257
What are the prime factors of 161?
7, 23
List the prime factors of 142376.
2, 13, 37
What are the prime factors of 88359?
3, 29453
List the prime factors of 8869.
7, 181
What are the prime factors of 9203?
9203
List the prime factors of 33603.
3, 23, 487
List the prime factors of 1631.
7, 233
List the prime factors of 53752.
2, 6719
What are the prime factors of 931?
7, 19
List the prime factors of 68515.
5, 71, 193
What are the prime factors of 75600?
2, 3, 5, 7
List the prime factors of 109479.
3, 36493
List the prime factors of 10764.
2, 3, 13, 23
What are the prime factors of 5?
5
List the prime factors of 19314.
2, 3, 29, 37
What are the prime factors of 10463?
10463
What are the prime factors of 481?
13, 37
List the prime factors of 1058.
2, 23
List the prime factors of 105584.
2, 6599
List the prime factors of 2134.
2, 11, 97
List the prime factors of 579.
3, 193
What are the prime factors of 51638?
2, 25819
List the prime factors of 584.
2, 73
List the prime factors of 751.
751
List the prime factors of 274.
2, 137
What are the prime factors of 12177?
3, 11, 41
What are the prime factors of 19596?
2, 3, 23, 71
List the prime factors of 15366.
2, 3, 13, 197
List the prime factors of 3034.
2, 37, 41
List the prime factors of 25195.
5, 5039
What are the prime factors of 12238?
2, 29, 211
What are the prime factors of 19893?
3, 19, 349
What are the prime factors of 58538?
2, 29269
What are the prime factors of 18847?
47, 401
List the prime factors of 60761.
60761
List the prime factors of 10692.
2, 3, 11
What are the prime factors of 85099?
7, 12157
What are the prime factors of 3244?
2, 811
What are the prime factors of 887?
887
List the prime factors of 8680.
2, 5, 7, 31
List the prime factors of 66122.
2, 7, 4723
What are the prime factors of 966?
2, 3, 7, 23
List the prime factors of 1109.
1109
List the prime factors of 30735.
3, 5, 683
List the prime factors of 18534.
2, 3, 3089
List the prime factors of 13079.
11, 29, 41
What are the prime factors of 1689?
3, 563
What are the prime factors of 3053?
43, 71
List the prime factors of 691.
691
List the prime factors of 341.
11, 31
List the prime factors of 153616.
2, 9601
What are the prime factors of 109816?
2, 7, 37, 53
What are the prime factors of 20911?
11, 1901
List the prime factors of 2009.
7, 41
List the prime factors of 8712.
2, 3, 11
What are the prime factors of 44802?
2, 3, 19, 131
List the prime factors of 19451.
53, 367
List the prime factors of 2219.
7, 317
What are the prime factors of 11094?
2, 3, 43
List the prime factors of 60312.
2, 3, 7, 359
List the prime factors of 12640.
2, 5, 79
What are the prime factors of 15435?
3, 5, 7
What are the prime factors of 71833?
29, 2477
What are the prime factors of 22316?
2, 7, 797
List the prime factors of 938.
2, 7, 67
List the prime factors of 20706.
2, 3, 7, 17, 29
List the prime factors of 20550.
2, 3, 5, 137
List the prime factors of 15406.
2, 7703
What are the p